4915?
False
Does 254 divide 297180?
True
Does 48 divide 48800?
False
Does 23 divide 224986?
True
Is 50 a factor of 387850?
True
Is 151 a factor of 6205631?
False
Is 159 a factor of 2088465?
True
Does 522 divide 436914?
True
Does 9 divide 12245?
False
Is 18460 a multiple of 5?
True
Is 234945 a multiple of 23?
True
Does 454 divide 1146804?
True
Does 41 divide 330911?
True
Is 370 a factor of 2588890?
True
Does 34 divide 256666?
True
Is 7 a factor of 102147?
False
Is 4390281 a multiple of 89?
True
Is 37864 a multiple of 37?
False
Does 1255 divide 5114386?
False
Is 312 a factor of 2011776?
True
Is 7758881 a multiple of 1179?
False
Is 656 a factor of 1004992?
True
Does 8 divide 344552?
True
Does 618 divide 6580527?
False
Is 22020508 a multiple of 34?
True
Is 24 a factor of 119040?
True
Is 9 a factor of 12484575?
True
Is 158 a factor of 10731044?
True
Does 75 divide 133875?
True
Is 12 a factor of 5604?
True
Does 6 divide 193234?
False
Does 17 divide 18402449?
True
Is 14 a factor of 92278?
False
Does 98 divide 323302?
True
Is 249840 a multiple of 1041?
True
Is 49392 a multiple of 147?
True
Does 582 divide 12493464?
False
Is 3131655 a multiple of 15?
True
Is 51212 a multiple of 16?
False
Does 644 divide 8467377?
False
Does 150 divide 76059?
False
Is 4404258 a multiple of 629?
True
Is 361 a factor of 623925?
False
Is 252 a factor of 26763?
False
Is 5842 a multiple of 201?
False
Is 853976 a multiple of 6?
False
Does 55 divide 1233485?
True
Does 49 divide 47334?
True
Does 970 divide 6541680?
True
Is 249 a factor of 452433?
True
Is 195714 a multiple of 14?
False
Is 20 a factor of 119145?
False
Is 17 a factor of 967096?
True
Is 148 a factor of 116577?
False
Does 37 divide 471639?
True
Is 26 a factor of 408226?
True
Is 10296508 a multiple of 29?
True
Is 8 a factor of 89725?
False
Is 448516 a multiple of 28?
False
Does 15 divide 516930?
True
Is 213789 a multiple of 78?
False
Is 6151795 a multiple of 559?
True
Is 45 a factor of 14026661?
False
Does 609 divide 1242360?
True
Is 1516863 a multiple of 295?
False
Does 118 divide 108926?
False
Is 474 a factor of 167231?
False
Is 469 a factor of 583436?
True
Does 4 divide 4685728?
True
Is 73 a factor of 148261?
False
Does 79 divide 510147?
False
Does 9 divide 93093?
False
Does 3 divide 285968?
False
Does 92 divide 343716?
False
Is 1276 a factor of 9903036?
True
Is 333 a factor of 522477?
True
Does 167 divide 1560949?
True
Is 16 a factor of 235392?
True
Does 2 divide 42617?
False
Does 499 divide 4430741?
False
Is 8163428 a multiple of 214?
False
Does 410 divide 18860?
True
Is 125 a factor of 1227571?
False
Is 15939 a multiple of 124?
False
Is 123 a factor of 102828?
True
Is 8738581 a multiple of 11?
False
Does 6 divide 6699342?
True
Does 6 divide 19230?
True
Is 291091 a multiple of 14?
False
Does 64 divide 255552?
True
Does 31 divide 182686?
False
Is 44 a factor of 453552?
True
Is 336844 a multiple of 13?
False
Is 34 a factor of 1996072?
True
Does 12 divide 5197531?
False
Is 3251257 a multiple of 26?
False
Does 56 divide 156089?
False
Is 20 a factor of 341400?
True
Is 16979730 a multiple of 39?
False
Is 21191201 a multiple of 24?
False
Is 146916 a multiple of 44?
True
Is 1167360 a multiple of 320?
True
Is 1492421 a multiple of 73?
False
Is 9547938 a multiple of 213?
True
Is 582930 a multiple of 255?
True
Is 85 a factor of 394868?
False
Does 178 divide 1185353?
False
Does 681 divide 448779?
True
Is 9 a factor of 140605?
False
Is 99 a factor of 390707?
False
Is 65467 a multiple of 17?
True
Does 12 divide 124836?
True
Does 22 divide 741004?
True
Is 4 a factor of 4484720?
True
Is 18 a factor of 5472?
True
Does 88 divide 6855640?
True
Is 62 a factor of 280455?
False
Is 13 a factor of 60541?
True
Is 112 a factor of 8736?
True
Is 168 a factor of 24024?
True
Is 149 a factor of 179249?
False
Is 641561 a multiple of 283?
True
Is 3653826 a multiple of 138?
True
Is 8 a factor of 3517740?
False
Is 4013328 a multiple of 176?
True
Is 731619 a multiple of 7?
True
Is 13792569 a multiple of 49?
True
Does 297 divide 7120?
False
Does 166 divide 480148?
False
Is 42 a factor of 189084?
True
Does 434 divide 499968?
True
Is 191 a factor of 89443?
False
Does 13 divide 24504402?
True
Is 64 a factor of 4922048?
True
Does 19 divide 973750?
True
Does 37 divide 186237?
False
Is 55 a factor of 183079?
False
Does 244 divide 10490536?
True
Does 236 divide 3836652?
True
Is 24 a factor of 11462?
False
Does 23 divide 2243038?
False
Is 31308048 a multiple of 12?
True
Does 565 divide 1384815?
True
Is 44 a factor of 503668?
True
Does 323 divide 3330453?
True
Is 50 a factor of 129716?
False
Does 373 divide 863125?
False
Is 47941 a multiple of 9?
False
Is 238909 a multiple of 6?
False
Is 425815 a multiple of 13?
True
Is 166 a factor of 148403?
False
Is 67771 a multiple of 61?
True
Is 66132 a multiple of 167?
True
Is 933614 a multiple of 41?
False
Is 352 a factor of 1386118?
False
Does 26 divide 421434?
True
Does 161 divide 697613?
True
Is 35595 a multiple of 4?
False
Is 80420 a multiple of 22?
False
Does 133 divide 1227324?
True
Is 11203111 a multiple of 9?
False
Does 47 divide 167744?
False
Is 515 a factor of 3356840?
False
Does 11 divide 4622583?
False
Does 41 divide 9063655?
False
Is 4 a factor of 139989?
False
Does 10 divide 481882?
False
Does 9 divide 220357?
False
Does 631 divide 596926?
True
Is 11473780 a multiple of 115?
True
Is 26 a factor of 20159126?
True
Is 2386671 a multiple of 14?
False
Does 9 divide 51381?
True
Is 1853098 a multiple of 244?
False
Is 15849 a multiple of 17?
False
Is 3 a factor of 7690?
False
Is 190 a factor of 962730?
True
Does 16 divide 1852970?
False
Does 615 divide 2511660?
True
Is 435 a factor of 126150?
True
Does 28 divide 3235909?
False
Is 5 a factor of 57640?
True
Is 4156772 a multiple of 228?
False
Does 48 divide 62593?
False
Is 20 a factor of 378686?
False
Does 6 divide 4958174?
False
Does 781 divide 3542228?
False
Is 1168 a factor of 11023578?
False
Is 17 a factor of 36108?
True
Does 55 divide 20920?
False
Is 152225 a multiple of 7?
False
Does 1770 divide 14637900?
True
Does 840 divide 6590854?
False
Is 8645440 a multiple of 40?
True
Is 473573 a multiple of 325?
False
Is 117248 a multiple of 4?
True
Is 11060 a multiple of 4?
True
Is 361 a factor of 74005?
True
Is 22 a factor of 344894?
True
Is 34 a factor of 161942?
True
Does 5 divide 1225365?
True
Does 62 divide 25243?
False
Is 1511900 a multiple of 22?
False
Is 1159265 a multiple of 26?
False
Is 339780 a multiple of 12?
True
Is 219425 a multiple of 42?
False
Is 144685 a multiple of 16?
False
Does 5 divide 91554?
False
Is 4703654 a multiple of 53?
False
Does 30 divide 17977743?
False
Is 392520 a multiple of 60?
True
Is 697572 a multiple of 678?
False
Does 9 divide 41400?
True
Is 238935 a multiple of 244?
False
Is 85 a factor of 643598?
False
Is 20 a factor of 190579?
False
Is 149 a factor of 454599?
True
Is 4052301 a multiple of 253?
True
Is 14077713 a multiple of 16?
False
Is 72 a factor of 58178?
False
Is 377911 a multiple of 332?
False
Is 2431314 a multiple of 455?
False
Is 190622 a multiple of 7?
False
Is 879 a factor of 1069033?
False
Does 46 divide 12268885?
False
Does 1761 divide 6638319?
False
Does 4 divide 1976828?
True
Is 4162010 a multiple of 157?
False
Is 24 a factor of 1552920?
True
Is 4 a factor of 132946?
False
Is 767528 a multiple of 765?
False
Does 36 divide 109403?
False
Does 17 divide 916249?
True
Is 501883 a multiple of 182?
False
Does 73 divide 621960?
True
Does 188 divide 286489?
False
Does 139 divide 2478772?
False
Is 103540 a multiple of 155?
True
Is 8687627 a multiple of 2754?
False
Is 4365352 a multiple of 18?
False
Does 16 divide 18383?
False
Is 1827457 a multiple of 43?
True
Does 598 divide 133157?
False
Is 478266 a multiple of 408?
False
Does 17 divide 41616?
True
Does 1629 divide 15500609?
False
Is 23 a factor of 267511?
False
Does 350 divide 8992900?
True
Is 6 a factor of 11270?
False
Is 692 a factor of 734655?
False
Is 790739 a multiple of 121?
False
Is 13 a factor of 25055023?
False
Does 4 divide 205840?
True
Is 12 a factor of 903745?
False
Does 256 divide 473351?
False
Is 351 a factor of 2569320?
True
Is 86955 a multiple of 5?
True
Does 33 divide 233673?
True
Is 40 a factor of 519200?
True
Is 11646693 a multiple of 25?
False
Is 